y**2 - 268. Calculate u(-9).
-22
Let t(f) be the second derivative of -f**7/840 + 13*f**6/360 + f**4/2 + 35*f**3/6 + 22*f. Let j(s) be the second derivative of t(s). Give j(13).
12
Let o(i) = -2*i**2 - 4*i - 3. Let t be 16/(-12)*-9 + -4. Suppose 0 = 2*w - g + 2*g + 2, 0 = 4*w - g - t. Suppose w = -2*y - 3. Determine o(y).
-3
Let j(c) = 4*c**2 + c + 3. Let i = 6343 + -6344. Give j(i).
6
Suppose n = -3*h + 23 + 35, 2*h - 32 = -4*n. Suppose 2*a + h = -5*o, -3*a + 0*a + 3 = 2*o. Let f(r) = -6 - r + r - 2*r. Give f(o).
6
Let c(z) be the third derivative of 1 + 1/4*z**4 + 2/3*z**3 - 30*z**2 + 0*z. Give c(-3).
-14
Let v(n) be the first derivative of n**3/3 + 3*n**2 - 10*n + 2. Let l(t) = t**2 + 159*t - 998. Let g be l(6). Give v(g).
6
Let p(q) = -53*q + 429. Let i be p(8). Let w(o) = 8*o**2 - 9*o**2 + 16 - i*o - 2*o. Give w(-9).
-2
Let u(n) = -3*n + 4. Let v = 107 + -107. Suppose -4*r + 5*b + 30 = v, 4*b = -3*r - 2*r + 17. What is u(r)?
-11
Let j(y) = 60*y - 72*y + 21*y - 44. Calculate j(5).
1
Suppose -3*g - 20 = 2*g. Suppose -12 = -a - 11. Let b(x) = 9*x - 8*x - 4 - a + x**2. Give b(g).
7
Let r(t) = -2*t**3 - 25*t**2 + 10*t - 42. Let h be 6 - (-145 + -7)/(-8). What is r(h)?
-3
Let o be (-1269)/235*(-1)/(-3)*-5. Let s(z) = z**3 - 8*z**2 - 4*z + 8. What is s(o)?
53
Let z(k) = 21 - 2718*k + 5443*k - 2719*k. Determine z(-6).
-15
Let t = -293 + 298. Let b be 60/(-66) + t/(-55). Let m(x) = 24*x**3 + x**2. Determine m(b).
-23
Let a(j) = 93 + 73*j - 265*j + 73*j + 116*j. Determine a(29).
6
Let m(r) be the third derivative of -r**6/120 - 17*r**5/60 - 17*r**4/24 - 17*r**3/6 + 2*r**2 - 1154. Let u = 27 + -43. What is m(u)?
-1
Let s(h) = h**3 + 8*h**2 - h + 7. Let x(o) = o**3 + 9*o**2 - 50*o + 20. Let a be x(-13). Give s(a).
85
Let k(y) be the second derivative of -y**3/6 + 1563*y. Give k(6).
-6
Let p(u) be the second derivative of -u**3/3 + 19*u**2/2 - 15*u - 72. Calculate p(0).
19
Let y(z) = z + 69. Let x be y(-14). Suppose x - 70 = 5*k. Let u(t) be the first derivative of -7*t**2/2 - 2*t - 2. Determine u(k).
19
Let i(w) = -8259*w - 809380. Let t be i(-98). Let h be 2/2 - (-3 - -2). Let b(f) = 5*f - 1 - h - 2*f. What is b(t)?
3
Let l(m) = 6*m + 7. Let j(t) = 13*t + 13. Let c(u) = 4*j(u) - 9*l(u). Suppose 2*k + 3*a = -13, -5*a - 397 = 2*k - 390. Give c(k).
11
Let z = -52 - -66. Let y(t) = -2*t + 29. Let u(o) = -3. Let j(h) = -4*u(h) - y(h). Determine j(z).
11
Let u(r) = 19*r + 12 - 4 + 3 + 4*r + 2*r**2 - 6. What is u(-9)?
-40
Let g be (14/(-4))/(1/(-2)). Let z(k) = -27*k**3 + 68*k**2 + 5*k - 26. Let h(q) = -5*q**3 + 13*q**2 + q - 5. Let f(i) = 11*h(i) - 2*z(i). What is f(g)?
4
Let z be 53/(-265) + 1/5 + -84. Let y be 0 - 9/(-21) - z/(-196). Let u(i) = -i + 10. Determine u(y).
10
Let i = 41 - 20. Suppose -7*a + 77 = 98. Let z be i/(-2)*(0 + 2/a). Let b(j) = j**3 - 8*j**2 + 6*j - 3. What is b(z)?
-10
Let n(f) = 31*f + 7. Let k(u) = -56*u - 14. Let a(h) = -5*k(h) - 9*n(h). Determine a(4).
11
Let z(l) = 6*l + 7. Let k(d) = 5*d + 8. Let h(q) = 2*k(q) - 3*z(q). Let a be ((-69)/46 - -2)*(-6 - -2)/1. Give h(a).
11
Let v(t) = t**3 + 6*t**2 + 4*t + 8. Let n be ((-376)/28)/(6/(-21)). Suppose -33*g = n + 151. Calculate v(g).
-16
Let f be ((-8)/48 - 39/90)*-5. Let n(l) be the second derivative of -1/12*l**4 + 0 - 1/2*l**2 + l**f + 20*l. Calculate n(7).
-8
Let s(b) = 418*b + 2086. Let h be s(-5). Let i(l) = 3*l + 0 - 3*l**2 - l**3 + 5*l - 2*l + 5. Determine i(h).
-3
Let c(o) = 6*o**2 - 25*o - 2*o**2 + 7 - 2*o**2 + 23*o. Let f(u) = 1. Let x(d) = -c(d) + 5*f(d). Calculate x(3).
-14
Let c(s) = -s**2 - 19*s + 43. Let v be c(-21). Let g be (-27)/(-9) - (0 + -4 + v). Let h(y) = -5382 + 5*y + 5375 - 6*y. Give h(g).
-13
Let y(g) be the first derivative of g**3/3 - 19*g**2/2 + 91*g + 275. What is y(11)?
3
Let c(l) be the third derivative of 7*l**4/24 + 20*l**3/3 - 4965*l**2. Calculate c(-7).
-9
Let r(m) = -2*m + 5. Let z(h) = -h - 3. Let t(n) = r(n) + 2*z(n). Let y = -7 + 10. Give t(y).
-13
Let v(r) = r**3 + r**2 - r + 5. Let d(h) = 33*h - 80*h - 42 + 40*h - 49. Let b be d(-13). Calculate v(b).
5
Let p(k) = -2*k**2 - 13*k + 69. Let u be p(-10). Let b = -7 - -7. Let f(d) = d**2 + b*d**2 + 0*d**2 - d - 1 - 5*d**3. Give f(u).
6
Let v(n) = n**3 - 8*n**2 + 11*n - 18. Suppose 168 = 44*p - 96 - 44. What is v(p)?
10
Let l(k) = k**3 + 12*k**2 - 21*k - 246. Let o be l(-12). Let z(f) = -f**2 - f + 50. Give z(o).
8
Let n(w) = 1 - w + 4*w - 5*w. Let u = 139 + -145. Let x be (31/u - 3/(-18)) + 10. Calculate n(x).
-9
Let o be 34 - (-18 - -21) - 14. Let g(w) = -w**3 + 17*w**2 + 4. Calculate g(o).
4
Let o(b) = 8*b + 24. Suppose -3*l + 5*n = -19, -171*n + 175*n + 10 = 5*l. Determine o(l).
8
Let b(u) = 2*u**3 + 3*u**2 + u. Let x be b(-2). Suppose 5*o + s - 838 = 0, -22*o + 20*o + 331 = -s. Let r(g) = 337*g - o*g + 6 - 169*g. Give r(x).
0
Let k(q) be the third derivative of -7/24*q**4 + 1/360*q**6 + 0 - 8*q**2 - 11/120*q**5 + 0*q + 2/3*q**3. Let w(i) be the first derivative of k(i). Give w(12).
5
Let i(d) = -2*d**2 + 2*d - 7. Let h(u) = -u**2 + 1. Let j(x) = -6*h(x) - i(x). Suppose -7*a + 8*a - 186 = 0. Let y = -185 + a. Calculate j(y).
7
Let i(u) = u**3 + 4*u**2 - u + 1. Suppose -4*h + h = -9. Let p be 4/(-6) + (h - 740/15). Let f = p - -43. Calculate i(f).
5
Let g(d) = 33*d + 38. Let u(w) = 1178*w + 1177. Let r be u(-1). Give g(r).
5
Let a = -757 - -759. Let f(j) be the first derivative of -8*j**2 + 2 + 7*j**2 - 6 + j. Give f(a).
-3
Let m(c) = -2*c**2 - 23*c - 8. Suppose 4*h - 1655 + 1703 = 0. Calculate m(h).
-20
Let c be 1 - (-18)/(-22) - (-4550)/385. Let x(k) = k**3 - 11*k**2 - 12*k + 18. Give x(c).
18
Let u = -397 + 401. Suppose 79*c = 80*c - u. Let o(x) = -x**3 + 4*x**2 - 4*x + 10. Calculate o(c).
-6
Let l = 31 - 29. Suppose i - 3*n = 5, -l*i + 8 = -3*n + 1. Let z(f) = 2*f**2 + i*f**3 + 3*f + 0*f**2 - 4*f. Determine z(1).
3
Let r be (-3 - 7/(-4 + -3))*-1. Let a(h) be the first derivative of -h**5/60 + h**4/12 + h**3 - 2. Let q(o) be the third derivative of a(o). Determine q(r).
-2
Let o be (56 + -57)*-10*(-4 + 3). Let r(l) = 9 + 2*l + 2 + 6 - 4. What is r(o)?
-7
Let q(z) = 14*z**2 + 7*z + 1. Let n(j) = 17*j**2 + 8*j + 1. Let y(x) = 5*n(x) - 6*q(x). Let r be 5/((-10)/6)*60/45. What is y(r)?
23
Suppose -338*u - 88 - 740 = -62*u. Let c(q) = 2*q**2 - 6*q - 9. Calculate c(u).
27
Let x be (-3)/((-6)/15 - 8382/(-21180)). Let j = -703 + x. Let p(u) = 2*u + 5. Determine p(j).
11
Let f = 16686 + -16680. Let p(x) = 2*x - 14. What is p(f)?
-2
Suppose -2*b = -2*n - 20, -b + 7 - 4 = 0. Let o(m) = m**2 + 9*m + 20. Calculate o(n).
6
Let b(f) = 3*f**2 + 3*f + 12. Let n be (15/18)/(2/4*(-38)/(-114)). Determine b(n).
102
Let s(v) = 3*v**2 - 6*v + 4. Let i = 380 + -358. Suppose -5*m + i = 3*b, -m + 6*m = -b + 14. Give s(b).
28
Let x(b) be the first derivative of 0*b + b**3 + 0*b**2 + 13 + 0*b**4 + 1/120*b**5. Let c(d) be the third derivative of x(d). Calculate c(-7).
-7
Let z(f) = 2*f**3 + f**2 - 2. Let w(k) = -9*k**3 - 14*k**2 - 10*k - 5. Let n(s) = -w(s) - 4*z(s). Let j be ((-1)/3 - (-70)/(-6)) + 3. Calculate n(j).
4
Suppose 3*c - p = -44, -60 = -0*c + 5*c + 5*p. Suppose 5*k = -4*h - 6 - 77, 4*h - 52 = 4*k. Let z = c - k. Let t(o) = -13*o**2 + o. What is t(z)?
-12
Suppose 3*x - 4 = 5*a - 23, a = -x + 7. Let w be 10*a/10*-1 - -13. Let s(v) = 2*v - 25. Give s(w).
-9
Suppose -4*z - 16*f + 13*f + 129 = 0, 3*f + 51 = z. Let s be (-1 - -8)*(35 - z). Let r(d) = -d**2 - 8*d + 1. Determine r(s).
8
Let g be (2/(-78))/(229/1374) - 316/(-26). Let t(p) be the third derivative of -1/60*p**5 + 0 + 13/24*p**4 - 11/6*p**3 + 0*p + g*p**2. Give t(12).
1
Let u(j) = j**2 - 2*j + 2. Let y be u(-5). Suppose -g + 16 = -3*n, -5*n - y + 5 = g. Let a(f) = -7*f**2 - 4 - 8*f + 2*f**3 + 1 - 3*f**3. What is a(n)?
9
Suppose -13*j - 173 + 203 = 2*j. Let x(d) be the third derivative of -1/4*d**4 + 0 + 0*d + 0*d**3 + 1/60*d**5 + 14*d**j. Determine x(7).
7
Suppose u = 4*g - 22, 30 = 229*g - 224*g. Let b(k) be the second derivative of -10*k + 1/20*k**5 + 0 + 1/2*k**4 - 1/2*k**3 - 4*k**u. Calculate b(-6).
10
Suppose 10 = 5*v, -1 = 2*n - 2*v + 5. Suppose 0 = 4*b + 3*b - 21. Let u(i) = 12*i + b + 6 - 5 - 3. Give u(n).
-11
Let o be ((-54)/27)/((4/(-15))/2). Let h(r) = 2*r + 12 - o*r + 12*r + r**2 + 14*r. Give h(-11).
-10
Let i(z) = -14*z**3 + 2*z**2